{"id":74,"date":"2017-07-22T16:29:25","date_gmt":"2017-07-22T16:29:25","guid":{"rendered":"http:\/\/jg-celle.de\/?page_id=74"},"modified":"2024-02-28T18:42:22","modified_gmt":"2024-02-28T18:42:22","slug":"feiertage","status":"publish","type":"page","link":"https:\/\/jg-celle.de\/?page_id=74","title":{"rendered":"J\u00fcdische Feiertage"},"content":{"rendered":"\n<div class=\"wp-block-columns is-layout-flex wp-container-core-columns-is-layout-9d6595d7 wp-block-columns-is-layout-flex\">\n<div class=\"wp-block-column is-layout-flow wp-block-column-is-layout-flow\" style=\"flex-basis:100%\">\n<div class=\"wp-block-columns is-layout-flex wp-container-core-columns-is-layout-9d6595d7 wp-block-columns-is-layout-flex\">\n<div class=\"wp-block-column is-layout-flow wp-block-column-is-layout-flow\" style=\"flex-basis:100%\">\n<div class=\"wp-block-columns is-layout-flex wp-container-core-columns-is-layout-9d6595d7 wp-block-columns-is-layout-flex\">\n<div class=\"wp-block-column is-layout-flow wp-block-column-is-layout-flow\">\n<p>Rosch Chodesch Schwat<br>Tu biSchwat<br><br>Rosch Chodesch Adar<br>Ta&#8217;anit Esther<br>Erew Purim<br>Purim<br>Schuschan Purim<br><br>Rosch Chodesch Nissan<br>Ta&#8217;anit Bechorot<br>Erew Pessach\/ Sederabend<br>1.-8. Tag Pessach<br>Jom haSchoah<br><br>Rosch Chodesch Ijar <br>Jom haSikaron<br>Jom haAzma&#8217;ut<br>Pessach Scheni<br>Lag baOmer<br>Jom Jeruschalajim<br><br>Rosch Chodesch Siwan<br>Erew Schawuot<br>1. Tag Schawuot<br>2. Tag Schawuot<br><br>Rosch Chodesch Tammus<br>Zom Tammus<br><br>Rosch Chodesch Aw<br>Erew Tischa b&#8217;Aw<br>Tischa b&#8217;Aw<br><br>Rosch Chodesch Elul<br>Lejl Slichot<br><br>Erew Rosch haSchana<br>1. Tag Rosch haSchana<br>2. Tag Rosch haSchana<br>Zom Gedalja<br>Erew Jom Kippur<br>Jom Kippur<br>Erew Sukkot<br>1.-7. Tag Sukkot<br>Hoschana Raba<br>Schmini Azeret<br>Erew Simchat Thora<br>Simchat Thora<br><br>Rosch Chodesch Cheschwan<br><br>Rosch Chodesch Kislew<br>Erew Chanukka<br>1. Kerze Chanukka<br><br>Rosch Chodesch Tewet<br>8. Kerze Chanukka<br>8. Tag Chanukka<br>Asara b&#8217;Tewet<\/p>\n<\/div>\n\n\n\n<div class=\"wp-block-column is-layout-flow wp-block-column-is-layout-flow\">\n<p>11. Januar 2024<br>25\u201326. Januar 2024<br><br>09. Februar 2024<br>21. M\u00e4rz 2024<br>23. M\u00e4rz 2024<br>24. M\u00e4rz 2024<br>25. M\u00e4rz 2024<br><br>09. April 2024<br>22. April 2024<br>22. April 2024<br>22. April 2024<br>22. &#8211; 30. April 2024<br>05.\/ 06. Mai 2024<\/p>\n\n\n\n<p><br>14. April 2021<br>15. April 2021<br>26. April 2021<br>30. April 2021<br>10. Mai 2021<br><br>12. Mai 2021<br>16. Mai 2021<br>17. Mai 2021<br>18. Mai 2021<br><br>10.\/ 11. Juni 2021<br>27. Juni 2021<br><br>10. Juli 2021<br>17. Juli 2021<br>18. Juli 2021<br><br>08.\/ 09. August 2021<br>28. August 2021<br><br>06. September 2021<br>07. September 2021<br>08. September 2021<br>09. September 2021<br>15. September 2021<br>16. September 2021<br>20. September 2021<br>21.-27. September 2021<br>27. September 2021<br>28. September 2021<br>28. September 2021<br>29. September 2021<br><br>06.\/ 07. Oktober 2021<br><br>05. November 2021<br>28. November 2021<br>28. November 2021<br><br>04.\/ 05. Dezember 2021<br>05. Dezember 2021<br>05. Dezember 2021<br>14. Dezember 2021<\/p>\n<\/div>\n\n\n\n<div class=\"wp-block-column is-layout-flow wp-block-column-is-layout-flow\">\n<p>1. Schwat 5784<br>15. Schwat 5784<br><br>30. Schwat 5784<br>11. Adar II 5784<br>13. Adar II 5784<br>14. Adar II 5784<br>15. Adar II 5784<br><br>01. Nissan 5784<br>14. Nissan 5784<br>14. Nissan 5784<br>14. Nissan 5784<br>21. Nissan 5784<br>27. Nissan 5784<br><\/p>\n\n\n\n<p>30. Nissan 5784<br>02. Ijar 5784<br>03. Ijar 5784<br>14. Ijar 5784<br>18. Ijar 5784<br>28. Ijar 5784<br><br>01. Siwan 5784<br>05. Siwan 5784<br>06. Siwan 5784<br>07. Siwan 5784<br><br>01. Tammus 5784<br>17. Tammus 5784<br><br>01. Aw 5784<br>08. Aw 5784<br>09. Aw 5784<br><br>01. Elul 5784<br>21. Elul 5784<br><br>01. Tischri 5784<br>01. Tischri 5784<br>02. Tischri 5784<br>03. Tischri 5784<br>10. Tischri 5784<br>10. Tischri 5784<br>15. Tischri 5784<br>15.-21. Tischri 5784<br>21. Tischri 5784<br>22. Tischri 5784<br>23. Tischri 5784<br>23. Tischri 5784<br><br>01. Cheschwan 5784<br><br>01. Kislew 5784<br>24. Kislew 5784<br>24. Kislew 5784<br><br>01. Tewet 5784<br>02. Tewet 5784<br>02. Tewet 5784<br>10. Tewet 5784<\/p>\n<\/div>\n<\/div>\n<\/div>\n<\/div>\n<\/div>\n<\/div>\n","protected":false},"excerpt":{"rendered":"<p>Rosch Chodesch SchwatTu biSchwat Rosch Chodesch AdarTa&#8217;anit EstherErew PurimPurimSchuschan Purim Rosch Chodesch NissanTa&#8217;anit BechorotErew Pessach\/ Sederabend1.-8. Tag PessachJom haSchoah Rosch Chodesch Ijar Jom haSikaronJom haAzma&#8217;utPessach ScheniLag baOmerJom Jeruschalajim Rosch Chodesch SiwanErew Schawuot1. Tag Schawuot2. Tag Schawuot Rosch Chodesch TammusZom Tammus Rosch Chodesch AwErew Tischa b&#8217;AwTischa b&#8217;Aw Rosch Chodesch ElulLejl Slichot Erew Rosch haSchana1. Tag Rosch haSchana2. Tag Rosch haSchanaZom GedaljaErew Jom KippurJom KippurErew Sukkot1.-7. Tag SukkotHoschana RabaSchmini AzeretErew Simchat ThoraSimchat Thora Rosch Chodesch Cheschwan Rosch Chodesch KislewErew Chanukka1. Kerze Chanukka Rosch Chodesch Tewet8. Kerze Chanukka8. Tag ChanukkaAsara b&#8217;Tewet 11. Januar 202425\u201326. Januar 2024 09. Februar 202421. M\u00e4rz 202423. M\u00e4rz 202424. M\u00e4rz 202425. M\u00e4rz 2024 09. April 202422. April 202422. April&hellip;&nbsp;<a href=\"https:\/\/jg-celle.de\/?page_id=74\" rel=\"bookmark\"><span class=\"screen-reader-text\">J\u00fcdische Feiertage<\/span><\/a><\/p>\n","protected":false},"author":1,"featured_media":0,"parent":0,"menu_order":5,"comment_status":"closed","ping_status":"closed","template":"","meta":{"neve_meta_sidebar":"","neve_meta_container":"","neve_meta_enable_content_width":"","neve_meta_content_width":0,"neve_meta_title_alignment":"","neve_meta_author_avatar":"","neve_post_elements_order":"","neve_meta_disable_header":"","neve_meta_disable_footer":"","neve_meta_disable_title":"","footnotes":""},"class_list":["post-74","page","type-page","status-publish","hentry"],"_links":{"self":[{"href":"https:\/\/jg-celle.de\/index.php?rest_route=\/wp\/v2\/pages\/74","targetHints":{"allow":["GET"]}}],"collection":[{"href":"https:\/\/jg-celle.de\/index.php?rest_route=\/wp\/v2\/pages"}],"about":[{"href":"https:\/\/jg-celle.de\/index.php?rest_route=\/wp\/v2\/types\/page"}],"author":[{"embeddable":true,"href":"https:\/\/jg-celle.de\/index.php?rest_route=\/wp\/v2\/users\/1"}],"replies":[{"embeddable":true,"href":"https:\/\/jg-celle.de\/index.php?rest_route=%2Fwp%2Fv2%2Fcomments&post=74"}],"version-history":[{"count":30,"href":"https:\/\/jg-celle.de\/index.php?rest_route=\/wp\/v2\/pages\/74\/revisions"}],"predecessor-version":[{"id":674,"href":"https:\/\/jg-celle.de\/index.php?rest_route=\/wp\/v2\/pages\/74\/revisions\/674"}],"wp:attachment":[{"href":"https:\/\/jg-celle.de\/index.php?rest_route=%2Fwp%2Fv2%2Fmedia&parent=74"}],"curies":[{"name":"wp","href":"https:\/\/api.w.org\/{rel}","templated":true}]}}